, what is 111 - 20?
71
In base 11, what is -1 - 88?
-89
In base 9, what is 4 - -583?
587
In base 9, what is 4 - -8?
13
In base 3, what is 110112021 - 11?
110112010
In base 13, what is -2a14 + 3?
-2a11
In base 7, what is -5 - -65?
60
In base 6, what is 22 + -113?
-51
In base 5, what is 1 - -123?
124
In base 3, what is -10 - -10002?
2222
In base 9, what is 140 - 5?
134
In base 15, what is -3 + 557?
554
In base 15, what is -18 - -3d?
25
In base 11, what is -16a - 15?
-184
In base 5, what is 14 - -114?
133
In base 7, what is -144125 - 2?
-144130
In base 2, what is -10000110110110 - 100?
-10000110111010
In base 2, what is -1001 - 110?
-1111
In base 14, what is 12 - -d?
21
In base 14, what is -83 + 5?
-7c
In base 7, what is 46 + -120?
-41
In base 16, what is 3 + 4?
7
In base 16, what is 0 + a?
a
In base 5, what is -3 - -223?
220
In base 5, what is -31111 + -20?
-31131
In base 14, what is -4 - 9?
-d
In base 10, what is -488 + 16?
-472
In base 10, what is -17 - 215?
-232
In base 6, what is -101 - 32?
-133
In base 14, what is -9 + 446?
43b
In base 3, what is -1100220 - -2?
-1100211
In base 16, what is 5 + -91?
-8c
In base 13, what is 55b - 5?
556
In base 10, what is 7369 + -5?
7364
In base 12, what is -21 - -4a?
29
In base 9, what is 26 - -1864?
2001
In base 2, what is 10 + -11101111?
-11101101
In base 13, what is -658 - 1?
-659
In base 3, what is -2002221 + 1?
-2002220
In base 10, what is 51 - -1?
52
In base 4, what is 3 + -122?
-113
In base 7, what is -2301 - -4?
-2264
In base 2, what is -101110 + 1101?
-100001
In base 5, what is -10 + -30?
-40
In base 10, what is 45 - 56?
-11
In base 15, what is -1b + -e?
-2a
In base 8, what is -2 + 620?
616
In base 9, what is 1 - 4288?
-4287
In base 11, what is 8 - 555?
-548
In base 11, what is 109 + -71?
48
In base 7, what is 255 - 1?
254
In base 7, what is -153 + -4?
-160
In base 13, what is -7 - -23?
19
In base 14, what is -286 + 1?
-285
In base 13, what is -1 - -35a?
359
In base 9, what is -66 + -15?
-82
In base 15, what is 451 + -5?
44b
In base 9, what is -2166 - -8?
-2157
In base 2, what is -10 - -1100001?
1011111
In base 4, what is 300 - -3?
303
In base 10, what is -118 + 24?
-94
In base 6, what is 11 - 32?
-21
In base 5, what is 1 - -43204?
43210
In base 12, what is -372 + -4?
-376
In base 12, what is 4 + -114?
-110
In base 11, what is -2 - -997?
995
In base 5, what is -10 + -4244?
-4304
In base 7, what is 25 + 1?
26
In base 11, what is -130 - 0?
-130
In base 16, what is 1da + -1?
1d9
In base 2, what is -1 + -101100?
-101101
In base 14, what is 1c + 0?
1c
In base 10, what is -3 - 476?
-479
In base 16, what is -12a + -3?
-12d
In base 16, what is 5e - 0?
5e
In base 5, what is 301 - 13?
233
In base 10, what is -2 - 386?
-388
In base 14, what is -66 - 11?
-77
In base 16, what is 10 - -5?
15
In base 5, what is 1024 + 2?
1031
In base 16, what is -2 - 61c?
-61e
In base 16, what is 5 - -227?
22c
In base 15, what is a43 + -4?
a3e
In base 5, what is -4 + 4230?
4221
In base 5, what is -411 + 1?
-410
In base 9, what is 3440 - 3?
3436
In base 12, what is 1 - -232?
233
In base 12, what is 2 - 513?
-511
In base 7, what is 35 + 520?
555
In base 9, what is -131 + 5?
-125
In base 11, what is 4 + 27a?
283
In base 12, what is 56a8 - 4?
56a4
In base 2, what is -100000 - 110?
-100110
In base 15, what is 2ea3 + 4?
2ea7
In base 10, what is 18 - 70?
-52
In base 5, what is -14 - -12113?
12044
In base 16, what is 7 + -26?
-1f
In base 10, what is 8 + -5?
3
In base 11, what is 1a + -6?
14
In base 10, what is -5 + 669?
664
In base 3, what is 110 - 2012112?
-2012002
In base 9, what is -446 + -38?
-485
In base 3, what is 10 + -1221?
-1211
In base 14, what is -3 + 3?
0
In base 9, what is -10205 - 7?
-10213
In base 13, what is -1 - -63?
62
In base 7, what is -4 - 1111?
-1115
In base 10, what is -972 - -2?
-970
In base 11, what is a - 39?
-2a
In base 3, what is -120202 - 2?
-120211
In base 4, what is 112111 + 3?
112120
In base 9, what is -5 + -227?
-233
In base 10, what is -535 - -60?
-475
In base 14, what is -47a2 + 3?
-479d
In base 5, what is -1301 - 22?
-1323
In base 8, what is -12 + -20?
-32
In base 5, what is 313 - -33?
401
In base 4, what is -201230 + 11?
-201213
In base 4, what is -11 - 33?
-110
In base 15, what is -72 - -2?
-70
In base 3, what is 101100200 + 12?
101100212
In base 10, what is 20 + 3?
23
In base 6, what is -3 + 1005?
1002
In base 2, what is 10101 + -1111110011?
-1111011110
In base 16, what is 4 - 4?
0
In base 2, what is -1001011101100 + 10?
-1001011101010
In base 4, what is 10313 + 1?
10320
In base 6, what is 3 + -531?
-524
In base 14, what is -26 + -28?
-50
In base 13, what is 5 + -8?
-3
In base 15, what is 337 - 0?
337
In base 16, what is -4 - 561?
-565
In base 4, what is -20030 - -31?
-13333
In base 7, what is -46 + 11?
-35
In base 12, what is -4 - 181?
-185
In base 2, what is -11110101 + -10?
-11110111
In base 6, what is -103 + -10?
-113
In base 14, what is 0 - d7?
-d7
In base 10, what is 2392 - -1?
2393
In base 4, what is -2000 + 10?
-1330
In base 5, what is -13132 - -1?
-13131
In base 11, what is -12a - 5?
-134
In base 8, what is -4 - -714?
710
In base 16, what is -5 + -8b?
-90
In base 5, what is -4 + 4023?
4014
In base 7, what is -2 - 343?
-345
In base 5, what is 3 - 411?
-403
In base 3, what is 100 - -10020?
10120
In base 6, what is -140 + 321?
141
In base 11, what is 10 - 5?
6
In base 5, what is -13 - -23?
10
In base 12, what is -1 + -75?
-76
In base 6, what is -502 + 2?
-500
In base 10, what is -13 - -212?
199
In base 7, what is 46 - 132?
-53
In base 6, what is 1 - -501?
502
In base 16, what is -4 - -1ab?
1a7
In base 14, what is -2 - -1434?
1432
In base 11, what is -20a0 - 2?
-20a2
In base 16, what is 28 + -f?
19
In base 16, what is -35 - -d?
-28
In base 9, what is 183 + 46?
240
In base 4, what is -2 + 2002?
2000
In base 8, what is 0 + -26?
-26
In base 7, what is 106 + 0?
106
In base 10, what is 820 - -3?
823
In base 6, what is -5115 + -2?
-5121
In base 3, what is -21212000 + -12?
-21212012
In base 13, what is 4353 + -5?
434b
In base 13, what is -1 - -30?
2c
In base 12, what is 193 + -3?
190
In base 9, what is -18 - -1588?
1570
In base 11, what is -36 - -23?
-13
In base 15, what is -4 - -1ae?
1aa
In base 12, what is 11 + 141?
152
In base 11, what is 0 - -6?
6
In base 13, what is 12a - -1?
12b
In base 2, what is 101101 + 11010000?
11111101
In base 13, what is 19 + -24?
-8
In base 4, what is -220 + 11?
-203
In base 13, what is -9a + -4?
-a1
In base 6, what is 11 - 41?
-30
In base 7, what is 6 + 63?
102
In base 13, what is 493 - -5?
498
In base 7, what is 104 + -5?
66
In base 15, what is -869 - a?
-874
In base 16, what is 61 - -5?
66
In base 6, what is 43212 - 2?
43210
In base 15, what is -2 - -9?
7
In base 7, what is 4 + 1110?
1114
In base 5, what is -224 + -24?
-303
In base 14, what is -5d - 15?
-74
In base 2, what is 0 + -1001011111?
-1001011111
In base 4, what is -11321 - 10?
-11331
In base 12, what is a6b + -4?
a67
In base 13, what is -5a - 19?
-76
In base 14, what is 4 - -76?
7a
In base 9, what is -10 - 605?
-615
In base 9, what is 224 - -7?
232
In base 13, what is 31 + 50?
81
In base 4, what is -201303 + 0?
-201303
In base 2, what is 110010 + 100?
110110
In base 4, what is -210211 - -2?
-210203
In base 12, what is 3 + -345?
-342
In base 13, what is 14c + -1?
14b
In base 6, what is 0 - -431?
431
In base 8, what is 612 + -4?
606
In base 16, what is -4 - 3d5?
-3d9
In base 8, what is 42 + -16?
24
In base 4, what is 333 - 3?
330
In base 3, what is 202 - -22?
1001
In base 13, what is 2c2 + 12?
304
In base 10, what is -4 - -784?
780
In base 5, what is -10 - 2?
-12
In base 12, what is -97b - -5?
-976
In base 3, what is -112120 + 11?
-112102
In base 10, what is -5 - -62?
57
In base 16, what is -18f - 4?
-193
In base 16, what is 21 + 7?
28
In base 8, what is 2 - 34?
-32
In base 2, what is -110010101 - 11?
-110011000
In base 5, what is -2 - 1404?
-1411
In base 7, what is -1 + -64?
-65
In base 7, what is 353 - -236?
622
In base 13, what is 13a + 12?
14c
In base 16, what is 9 + 158?
161
In base 15, what is -76 + 4?
-72
In base 8, what is -52 - -524?
452
In base 11, what is -1 + -34?
-35
In base 10, what is 3 + -1?
2
In base 14, what is -15 + 92?
7b
In base 6, what is -11230 - -1?
-11225
In base 16, what is -335 -